{"id":4719,"date":"2021-11-14T20:09:38","date_gmt":"2021-11-14T19:09:38","guid":{"rendered":"https:\/\/klubb.ungoteket.se\/orientering\/?page_id=4719"},"modified":"2022-04-07T09:28:54","modified_gmt":"2022-04-07T07:28:54","slug":"anordna-forberedelser","status":"publish","type":"page","link":"https:\/\/klubb.ungoteket.se\/orientering\/anordna-forberedelser\/","title":{"rendered":"Anordna &#8211; F\u00f6rberedelser"},"content":{"rendered":"\n<style type=\"text\/css\" data-created_by=\"avia_inline_auto\" id=\"style-css-av-kvryb1cf-92f5726743ba006ec36722cd42ed3a05\">\n.avia-section.av-kvryb1cf-92f5726743ba006ec36722cd42ed3a05{\nbackground-color:#ffdd00;\nbackground-image:unset;\n}\n<\/style>\n<div id='av_section_1'  class='avia-section av-kvryb1cf-92f5726743ba006ec36722cd42ed3a05 main_color avia-section-no-padding avia-no-border-styling  avia-builder-el-0  el_before_av_one_full  avia-builder-el-first  avia-bg-style-scroll av-minimum-height av-minimum-height-custom av-height-custom  container_wrap fullsize'   data-av_minimum_height_px='30'><div class='container av-section-cont-open' style='height:30px'><main  role=\"main\" itemprop=\"mainContentOfPage\"  class='template-page content  av-content-full alpha units'><div class='post-entry post-entry-type-page post-entry-4719'><div class='entry-content-wrapper clearfix'>\n\n<style type=\"text\/css\" data-created_by=\"avia_inline_auto\" id=\"style-css-av-kvs455rb-2e4c8c664a1c8682006413378db64118\">\n#top .av_textblock_section.av-kvs455rb-2e4c8c664a1c8682006413378db64118 .avia_textblock{\nfont-size:10px;\ncolor:#316738;\n}\n<\/style>\n<section  class='av_textblock_section av-kvs455rb-2e4c8c664a1c8682006413378db64118 '   itemscope=\"itemscope\" itemtype=\"https:\/\/schema.org\/CreativeWork\" ><div class='avia_textblock av_inherit_color'  itemprop=\"text\" ><p><strong>Just nu \u00e4r du i anordna-delen av hemsidan. Om du vill tillbaka till startsidan kan du <a href=\"https:\/\/klubb.ungoteket.se\/orientering\/start\/\">klicka h\u00e4r.<\/a><\/strong><\/p>\n<\/div><\/section>\n<\/div><\/div><\/main><!-- close content main element --><\/div><\/div><div id='after_section_1'  class='main_color av_default_container_wrap container_wrap fullsize'  ><div class='container av-section-cont-open' ><div class='template-page content  av-content-full alpha units'><div class='post-entry post-entry-type-page post-entry-4719'><div class='entry-content-wrapper clearfix'>\n\n<style type=\"text\/css\" data-created_by=\"avia_inline_auto\" id=\"style-css-av-8mmyn-b86a7599e611568ac64e5215d25ed961\">\n.flex_column.av-8mmyn-b86a7599e611568ac64e5215d25ed961{\nborder-radius:0px 0px 0px 0px;\npadding:0px 0px 0px 0px;\n}\n<\/style>\n<div  class='flex_column av-8mmyn-b86a7599e611568ac64e5215d25ed961 av_one_full  avia-builder-el-2  el_after_av_section  el_before_av_one_full  avia-builder-el-first  first flex_column_div av-zero-column-padding  '     ><div  class='avia-slideshow av-263a3z-fc6cde7cae4f1e294cf1608f68dcf352 avia-slideshow-featured_large av_slideshow avia-slide-slider  avia-builder-el-3  avia-builder-el-no-sibling  av-slideshow-ui av-control-default av-slideshow-manual av-loop-once av-loop-manual-endless av-default-height-applied avia-slideshow-1' data-slideshow-options=\"{&quot;animation&quot;:&quot;slide&quot;,&quot;autoplay&quot;:false,&quot;loop_autoplay&quot;:&quot;once&quot;,&quot;interval&quot;:5,&quot;loop_manual&quot;:&quot;manual-endless&quot;,&quot;autoplay_stopper&quot;:false,&quot;noNavigation&quot;:false,&quot;bg_slider&quot;:false,&quot;keep_padding&quot;:false,&quot;hoverpause&quot;:false,&quot;show_slide_delay&quot;:0}\"  itemprop=\"image\" itemscope=\"itemscope\" itemtype=\"https:\/\/schema.org\/ImageObject\" ><ul class='avia-slideshow-inner ' style='padding-bottom: 42%;'><li  class='avia-slideshow-slide av-263a3z-fc6cde7cae4f1e294cf1608f68dcf352__0  av-single-slide slide-1 slide-odd'><div data-rel='slideshow-1' class='avia-slide-wrap '   ><img decoding=\"async\" fetchpriority=\"high\" class=\"wp-image-3585 avia-img-lazy-loading-not-3585\"  src=\"https:\/\/klubb.ungoteket.se\/orientering\/wp-content\/uploads\/sites\/4\/2019\/05\/Ale-7-1500x630.jpg\" width=\"1500\" height=\"630\" title='Ale 7' alt=''  itemprop=\"thumbnailUrl\"   \/><\/div><\/li><\/ul><div class='av-slideshow-caption av-263a3z-fc6cde7cae4f1e294cf1608f68dcf352__0 avia-caption'><div class=\"avia-inner-caption\"><h2 class='avia-caption-title '  itemprop=\"name\" >F\u00f6rberedelser<\/h2><\/div><\/div><\/div><\/div>\n\n<style type=\"text\/css\" data-created_by=\"avia_inline_auto\" id=\"style-css-av-71lpz-a34430fb94b7a2048d4801e56b47a90c\">\n.flex_column.av-71lpz-a34430fb94b7a2048d4801e56b47a90c{\nborder-radius:0px 0px 0px 0px;\npadding:0px 0px 0px 0px;\n}\n<\/style>\n<div  class='flex_column av-71lpz-a34430fb94b7a2048d4801e56b47a90c av_one_full  avia-builder-el-4  el_after_av_one_full  el_before_av_one_half  first flex_column_div av-zero-column-padding  column-top-margin'     ><p>\n<style type=\"text\/css\" data-created_by=\"avia_inline_auto\" id=\"style-css-av-2bzain-4515ce4e7490d03365636cf1d282f6e5\">\n#top .av-special-heading.av-2bzain-4515ce4e7490d03365636cf1d282f6e5{\npadding-bottom:10px;\n}\nbody .av-special-heading.av-2bzain-4515ce4e7490d03365636cf1d282f6e5 .av-special-heading-tag .heading-char{\nfont-size:25px;\n}\n.av-special-heading.av-2bzain-4515ce4e7490d03365636cf1d282f6e5 .av-subheading{\nfont-size:15px;\n}\n<\/style>\n<div  class='av-special-heading av-2bzain-4515ce4e7490d03365636cf1d282f6e5 av-special-heading-h3  avia-builder-el-5  el_before_av_textblock  avia-builder-el-first '><h3 class='av-special-heading-tag '  itemprop=\"headline\"  >P\u00e5 denna sida<\/h3><div class=\"special-heading-border\"><div class=\"special-heading-inner-border\"><\/div><\/div><\/div><br \/>\n<section  class='av_textblock_section av-1qv5uv-c64ed371c84668481bbefa55fdca3300 '   itemscope=\"itemscope\" itemtype=\"https:\/\/schema.org\/CreativeWork\" ><div class='avia_textblock'  itemprop=\"text\" ><p>P\u00e5 denna sida hittar du som arrang\u00f6r eller utbildare tips p\u00e5 vad som beh\u00f6ver g\u00f6ras och t\u00e4nkas p\u00e5 inf\u00f6r en enskild tr\u00e4ff med Ungoteket. Mer information om att anordna Ungoteket i sin helhet finns p\u00e5 sidan <a href=\"https:\/\/klubb.ungoteket.se\/orientering\/anordna-komigang\/\" target=\"_blank\" rel=\"noopener\">Kom-ig\u00e5ng<\/a>.<\/p>\n<\/div><\/section><\/p><\/div>\n\n<style type=\"text\/css\" data-created_by=\"avia_inline_auto\" id=\"style-css-av-71lpz-a34430fb94b7a2048d4801e56b47a90c\">\n.flex_column.av-71lpz-a34430fb94b7a2048d4801e56b47a90c{\nborder-radius:0px 0px 0px 0px;\npadding:0px 0px 0px 0px;\n}\n<\/style>\n<div  class='flex_column av-71lpz-a34430fb94b7a2048d4801e56b47a90c av_one_half  avia-builder-el-7  el_after_av_one_full  el_before_av_one_half  first flex_column_div av-zero-column-padding  column-top-margin'     ><p>\n<style type=\"text\/css\" data-created_by=\"avia_inline_auto\" id=\"style-css-av-av_heading-a37268cafa8e0c30f8fba132c459bbcf\">\n#top .av-special-heading.av-av_heading-a37268cafa8e0c30f8fba132c459bbcf{\npadding-bottom:10px;\n}\nbody .av-special-heading.av-av_heading-a37268cafa8e0c30f8fba132c459bbcf .av-special-heading-tag .heading-char{\nfont-size:25px;\n}\n.av-special-heading.av-av_heading-a37268cafa8e0c30f8fba132c459bbcf .av-subheading{\nfont-size:15px;\n}\n<\/style>\n<div  class='av-special-heading av-av_heading-a37268cafa8e0c30f8fba132c459bbcf av-special-heading-h3  avia-builder-el-8  el_before_av_textblock  avia-builder-el-first '><h3 class='av-special-heading-tag '  itemprop=\"headline\"  >F\u00f6r arrang\u00f6rer av Ungoteket<\/h3><div class=\"special-heading-border\"><div class=\"special-heading-inner-border\"><\/div><\/div><\/div><br \/>\n<section  class='av_textblock_section av-1qv5uv-c64ed371c84668481bbefa55fdca3300 '   itemscope=\"itemscope\" itemtype=\"https:\/\/schema.org\/CreativeWork\" ><div class='avia_textblock'  itemprop=\"text\" ><p>Hur ni v\u00e4ljer att genomf\u00f6ra Ungoteket \u00e4r avg\u00f6rande f\u00f6r vilka specifika f\u00f6rberedelser som beh\u00f6vs till just era tr\u00e4ffar, men vissa saker beh\u00f6ver \u00e4nd\u00e5 n\u00e4stan alltid t\u00e4nkas p\u00e5. F\u00f6rutom att varje utbildning \u00e4r 2-2,5 timmar exklusive pauser (f\u00f6rutom banl\u00e4ggning och kartritning som \u00e4r 6 timmar) finns det n\u00e5gra fler saker att t\u00e4nka p\u00e5 som arrang\u00f6r.<\/p>\n<ul>\n<li><span style=\"font-weight: 400;\">Se till att lokal \u00e4r bokad och att allt som beh\u00f6vs finns d\u00e4r. T.ex. projektor, duk, om ni beh\u00f6ver n\u00e5got till \u00f6vningarna (papper och penna), bord, stolar osv. Se ocks\u00e5 till att alla sladdar som beh\u00f6vs finns och fungerar.<\/span><\/li>\n<li><span style=\"font-weight: 400;\">M\u00e5ltider, om ni ordnar det eller om deltagarna tar med eget.<\/span><\/li>\n<li><span style=\"font-weight: 400;\">Skicka ut information i en inbjudan till deltagarna med datum, plats, tider, om de ska ha med sig n\u00e5got osv. H\u00e4r finns en <a href=\"https:\/\/docs.google.com\/document\/d\/1gGQ16bOTk8zyryC41NchqfSWfv5wUWjM\/edit?usp=sharing&amp;ouid=105273834743208906638&amp;rtpof=true&amp;sd=true\">mall f\u00f6r inbjudan<\/a>.<\/span><span style=\"font-weight: 400;\"><span style=\"color: #ffff00;\">.<\/span> Fyll i och anpassa inneh\u00e5llet s\u00e5 att det passar den specifika tr\u00e4ffen. L\u00e4nka och h\u00e4nvisa alltid till ineh\u00e5llssidan, d\u00e4r deltagaren finner instruktioner om vad den ska ta med eller f\u00f6rbereda.\u00a0<\/span><\/li>\n<li>Se till att den som h\u00e5ller i utbildningen i god tid f\u00e5r information om var material och bildspel finns och hur m\u00e5nga deltagare som \u00e4r med.<\/li>\n<\/ul>\n<\/div><\/section><\/p><\/div>\n<style type=\"text\/css\" data-created_by=\"avia_inline_auto\" id=\"style-css-av-71lpz-90d4b25bb3d1ab9e87b70a667f064f10\">\n.flex_column.av-71lpz-90d4b25bb3d1ab9e87b70a667f064f10{\nborder-radius:0px 0px 0px 0px;\npadding:0px 0px 0px 0px;\n}\n<\/style>\n<div  class='flex_column av-71lpz-90d4b25bb3d1ab9e87b70a667f064f10 av_one_half  avia-builder-el-10  el_after_av_one_half  avia-builder-el-last  flex_column_div av-zero-column-padding  column-top-margin'     ><p>\n<style type=\"text\/css\" data-created_by=\"avia_inline_auto\" id=\"style-css-av-7wb4f-de4bfe3525a789d9d0f38dabccd8057a\">\n#top .av-special-heading.av-7wb4f-de4bfe3525a789d9d0f38dabccd8057a{\npadding-bottom:10px;\n}\nbody .av-special-heading.av-7wb4f-de4bfe3525a789d9d0f38dabccd8057a .av-special-heading-tag .heading-char{\nfont-size:25px;\n}\n.av-special-heading.av-7wb4f-de4bfe3525a789d9d0f38dabccd8057a .av-subheading{\nfont-size:15px;\n}\n<\/style>\n<div  class='av-special-heading av-7wb4f-de4bfe3525a789d9d0f38dabccd8057a av-special-heading-h3  avia-builder-el-11  el_before_av_textblock  avia-builder-el-first '><h3 class='av-special-heading-tag '  itemprop=\"headline\"  >F\u00f6r utbildare p\u00e5 Ungoteket<\/h3><div class=\"special-heading-border\"><div class=\"special-heading-inner-border\"><\/div><\/div><\/div><br \/>\n<section  class='av_textblock_section av-1qv5uv-c64ed371c84668481bbefa55fdca3300 '   itemscope=\"itemscope\" itemtype=\"https:\/\/schema.org\/CreativeWork\" ><div class='avia_textblock'  itemprop=\"text\" ><p><span style=\"font-weight: 400;\">Inneh\u00e5llet i en utbildning tar runt 2-2,5 timmar att g\u00e5 igenom (f\u00f6rutom kartritning och badanl\u00e4ggning som \u00e4r runt 6 timmar) , exklusive fika och r\u00f6relsepaus. Tiden beror s\u00e5klart p\u00e5 dig och deltagarna: vad du s\u00e4ger, hur mycket tid ni l\u00e4gger p\u00e5 diskussioner och \u00f6vningar, hur m\u00e5nga pauser ni beh\u00f6ver osv. Kanske fikar ni under en \u00f6vning? Kom ih\u00e5g att Ungoteket allra mest ska inneb\u00e4ra att prova, inspireras och ha roligt. L\u00e4gg d\u00e4rf\u00f6r mindre tid p\u00e5 snack och betydligt mer tid p\u00e5 verkstad! Som utbildare \u00e4r det bra att i god tid innan tr\u00e4ffen:\u00a0<\/span><\/p>\n<ul>\n<li>Kolla med den som \u00e4r ansvarig f\u00f6r tr\u00e4ffen s\u00e5 att all teknisk utrustning som beh\u00f6vs finns och fungerar.<\/li>\n<li>L\u00e4sa p\u00e5 och f\u00f6rbereda \u00f6vningarna. St\u00e4m av med den som \u00e4r ansvarig f\u00f6r tr\u00e4ffen s\u00e5 att allt material som beh\u00f6vs \u00e4r inf\u00f6rskaffat.<\/li>\n<li><span style=\"font-weight: 400;\">L\u00e4sa p\u00e5 och anpassa bildspelet. De sidor i bildspelet som handledningen h\u00e4nvisar till \u00e4r om bildspelet \u00e4r of\u00f6r\u00e4ndrat. Kom ih\u00e5g att ladda ner och installera <a href=\"https:\/\/drive.google.com\/drive\/folders\/1zfLm2PlkTH6g3eqtwJyaZPGucTeVZSJV\">typsnitten<\/a> (textformat) som anv\u00e4nds i bildspelen p\u00e5 den dator varifr\u00e5n bildspelet ska visas.<\/span><\/li>\n<\/ul>\n<\/div><\/section><\/p><\/div><\/p>\n","protected":false},"excerpt":{"rendered":"","protected":false},"author":1,"featured_media":0,"parent":0,"menu_order":0,"comment_status":"closed","ping_status":"closed","template":"","meta":{"footnotes":""},"_links":{"self":[{"href":"https:\/\/klubb.ungoteket.se\/orientering\/wp-json\/wp\/v2\/pages\/4719"}],"collection":[{"href":"https:\/\/klubb.ungoteket.se\/orientering\/wp-json\/wp\/v2\/pages"}],"about":[{"href":"https:\/\/klubb.ungoteket.se\/orientering\/wp-json\/wp\/v2\/types\/page"}],"author":[{"embeddable":true,"href":"https:\/\/klubb.ungoteket.se\/orientering\/wp-json\/wp\/v2\/users\/1"}],"replies":[{"embeddable":true,"href":"https:\/\/klubb.ungoteket.se\/orientering\/wp-json\/wp\/v2\/comments?post=4719"}],"version-history":[{"count":13,"href":"https:\/\/klubb.ungoteket.se\/orientering\/wp-json\/wp\/v2\/pages\/4719\/revisions"}],"predecessor-version":[{"id":5164,"href":"https:\/\/klubb.ungoteket.se\/orientering\/wp-json\/wp\/v2\/pages\/4719\/revisions\/5164"}],"wp:attachment":[{"href":"https:\/\/klubb.ungoteket.se\/orientering\/wp-json\/wp\/v2\/media?parent=4719"}],"curies":[{"name":"wp","href":"https:\/\/api.w.org\/{rel}","templated":true}]}}