{"id":4555,"date":"2021-08-19T16:35:42","date_gmt":"2021-08-19T14:35:42","guid":{"rendered":"https:\/\/klubb.ungoteket.se\/orientering\/?page_id=4555"},"modified":"2026-02-19T13:40:55","modified_gmt":"2026-02-19T12:40:55","slug":"ungoteket-skane-2021","status":"publish","type":"page","link":"https:\/\/klubb.ungoteket.se\/orientering\/ungoteket-skane-2021\/","title":{"rendered":"Ungoteket Sk\u00e5ne 2021"},"content":{"rendered":"\n<style type=\"text\/css\" data-created_by=\"avia_inline_auto\" id=\"style-css-av-wq33e0-fad2c5f76ad7ef22fbfa9bc164f87b44\">\n.flex_column.av-wq33e0-fad2c5f76ad7ef22fbfa9bc164f87b44{\nborder-radius:0px 0px 0px 0px;\npadding:0px 0px 0px 0px;\n}\n<\/style>\n<div  class='flex_column av-wq33e0-fad2c5f76ad7ef22fbfa9bc164f87b44 av_one_full  avia-builder-el-0  el_before_av_one_half  avia-builder-el-first  first flex_column_div av-zero-column-padding  '     ><div  class='avia-slideshow av-umbons-521b8f0b4bf20f05a7db89d9e7d1184f avia-slideshow-featured_large av_slideshow avia-slide-slider  avia-builder-el-1  avia-builder-el-no-sibling  av-slideshow-ui av-control-default av-slideshow-autoplay av-loop-endless av-loop-manual-endless av-default-height-applied avia-slideshow-1' data-slideshow-options=\"{&quot;animation&quot;:&quot;slide&quot;,&quot;autoplay&quot;:true,&quot;loop_autoplay&quot;:&quot;endless&quot;,&quot;interval&quot;:5,&quot;loop_manual&quot;:&quot;manual-endless&quot;,&quot;autoplay_stopper&quot;:false,&quot;noNavigation&quot;:false,&quot;bg_slider&quot;:false,&quot;keep_padding&quot;:false,&quot;hoverpause&quot;:false,&quot;show_slide_delay&quot;:0}\"  itemprop=\"image\" itemscope=\"itemscope\" itemtype=\"https:\/\/schema.org\/ImageObject\" ><ul class='avia-slideshow-inner ' style='padding-bottom: 42%;'><li  class='avia-slideshow-slide av-umbons-521b8f0b4bf20f05a7db89d9e7d1184f__0  av-single-slide slide-1 slide-odd'><div data-rel='slideshow-1' class='avia-slide-wrap '   ><img decoding=\"async\" fetchpriority=\"high\" class=\"wp-image-3993 avia-img-lazy-loading-not-3993\"  src=\"https:\/\/klubb.ungoteket.se\/orientering\/wp-content\/uploads\/sites\/4\/2020\/02\/Ungoteket-tr\u00e4ff-2-1-1500x630.jpg\" width=\"1500\" height=\"630\" title='Ungoteket tr\u00e4ff 2' alt=''  itemprop=\"thumbnailUrl\"   \/><\/div><\/li><\/ul><div class='av-slideshow-caption av-umbons-521b8f0b4bf20f05a7db89d9e7d1184f__0 avia-caption'><div class=\"avia-inner-caption\"><h2 class='avia-caption-title '  itemprop=\"name\" >Ungoteket Sk\u00e5ne 2020-2021<\/h2><\/div><\/div><\/div><\/div>\n\n<style type=\"text\/css\" data-created_by=\"avia_inline_auto\" id=\"style-css-av-rmvdeg-c3dd4848ab00085c6da1a7c84da52357\">\n.flex_column.av-rmvdeg-c3dd4848ab00085c6da1a7c84da52357{\nborder-radius:0px 0px 0px 0px;\npadding:0px 0px 0px 0px;\n}\n<\/style>\n<div  class='flex_column av-rmvdeg-c3dd4848ab00085c6da1a7c84da52357 av_one_half  avia-builder-el-2  el_after_av_one_full  el_before_av_one_half  first flex_column_div av-zero-column-padding  column-top-margin'     ><p>\n<style type=\"text\/css\" data-created_by=\"avia_inline_auto\" id=\"style-css-av-4kgg8b-0a17991879f97ee4f7e4f4e9fe710a2e\">\n#top .av-special-heading.av-4kgg8b-0a17991879f97ee4f7e4f4e9fe710a2e{\npadding-bottom:10px;\n}\nbody .av-special-heading.av-4kgg8b-0a17991879f97ee4f7e4f4e9fe710a2e .av-special-heading-tag .heading-char{\nfont-size:25px;\n}\n.av-special-heading.av-4kgg8b-0a17991879f97ee4f7e4f4e9fe710a2e .av-subheading{\nfont-size:15px;\n}\n<\/style>\n<div  class='av-special-heading av-4kgg8b-0a17991879f97ee4f7e4f4e9fe710a2e av-special-heading-h3  avia-builder-el-3  el_before_av_textblock  avia-builder-el-first '><h3 class='av-special-heading-tag '  itemprop=\"headline\"  >V\u00e4lkommen till Ungoteket Sk\u00e5ne!<\/h3><div class=\"special-heading-border\"><div class=\"special-heading-inner-border\"><\/div><\/div><\/div><br \/>\n<section  class='av_textblock_section av-nxuhpk-cc117ff7d3980f2df7f9416d95c87eda '   itemscope=\"itemscope\" itemtype=\"https:\/\/schema.org\/CreativeWork\" ><div class='avia_textblock'  itemprop=\"text\" ><p>Ungoteket Sk\u00e5ne \u00e4r f\u00f6r ungdomar f\u00f6dda 2007 eller tidigare.<\/p>\n<p>P\u00e5 den h\u00e4r sidan hittar du information om n\u00e4r och var tr\u00e4ffarna \u00e4r samt vad som h\u00e4nder p\u00e5 varje tr\u00e4ff.<\/p>\n<p>Ut\u00f6ver tr\u00e4ffarna genomf\u00f6r ni ert f\u00f6reningsprojekt och d\u00e4refter tr\u00e4ffas ni f\u00f6r att utv\u00e4rdera och t\u00e4nka fram\u00e5t.<\/p>\n<p>Anm\u00e4lan har st\u00e4ngt<\/p>\n<p>Har du fr\u00e5gor? H\u00f6r av dig till projektledare <a href=\"mailto:a.matsson@telia.com\">Axel Matsson<\/a>.<\/p>\n<\/div><\/section><br \/>\n\n<style type=\"text\/css\" data-created_by=\"avia_inline_auto\" id=\"style-css-av-2pmbuz-c73977a498645bc9353a9b6a64431c9c\">\n#top .av-special-heading.av-2pmbuz-c73977a498645bc9353a9b6a64431c9c{\npadding-bottom:10px;\n}\nbody .av-special-heading.av-2pmbuz-c73977a498645bc9353a9b6a64431c9c .av-special-heading-tag .heading-char{\nfont-size:25px;\n}\n.av-special-heading.av-2pmbuz-c73977a498645bc9353a9b6a64431c9c .av-subheading{\nfont-size:15px;\n}\n<\/style>\n<div  class='av-special-heading av-2pmbuz-c73977a498645bc9353a9b6a64431c9c av-special-heading-h3 blockquote modern-quote modern-centered  avia-builder-el-5  el_after_av_textblock  el_before_av_button '><h3 class='av-special-heading-tag '  itemprop=\"headline\"  >Anm\u00e4lda f\u00f6reningar<\/h3><div class=\"special-heading-border\"><div class=\"special-heading-inner-border\"><\/div><\/div><\/div><br \/>\n<div  class='avia-button-wrap av-k4wkuw-1885dc770c61e59c7925ac5591fbd057-wrap avia-button-center  avia-builder-el-6  el_after_av_heading  el_before_av_button '><a href='http:\/\/www.pan-kristianstad.nu\/' class='avia-button av-k4wkuw-1885dc770c61e59c7925ac5591fbd057 av-link-btn avia-icon_select-no avia-size-large avia-position-center avia-color-theme-color' target=\"_blank\" rel=\"noopener noreferrer\" aria-label=\"OK Pan Kristianstad\"><span class='avia_iconbox_title' >OK Pan Kristianstad<\/span><\/a><\/div><br \/>\n<div  class='avia-button-wrap av-k4wkuw-6d070a3a2552ddcbcca9c3ccb4252f89-wrap avia-button-center  avia-builder-el-7  el_after_av_button  el_before_av_button '><a href='https:\/\/idrottonline.se\/FKBoken-Orientering\/' class='avia-button av-k4wkuw-6d070a3a2552ddcbcca9c3ccb4252f89 av-link-btn avia-icon_select-no avia-size-large avia-position-center avia-color-theme-color' target=\"_blank\" rel=\"noopener noreferrer\" aria-label=\"FK Boken\"><span class='avia_iconbox_title' >FK Boken<\/span><\/a><\/div><br \/>\n<div  class='avia-button-wrap av-k4wkuw-7f3d573ab20c82d07f44b3b417b01d1f-wrap avia-button-center  avia-builder-el-8  el_after_av_button  el_before_av_button '><a href='https:\/\/idrottonline.se\/RingsjoOK-Orientering\/' class='avia-button av-k4wkuw-7f3d573ab20c82d07f44b3b417b01d1f av-link-btn avia-icon_select-no avia-size-large avia-position-center avia-color-theme-color' target=\"_blank\" rel=\"noopener noreferrer\" aria-label=\"Ringsj\u00f6 OK\"><span class='avia_iconbox_title' >Ringsj\u00f6 OK<\/span><\/a><\/div><br \/>\n<div  class='avia-button-wrap av-k4wkuw-3dedd4dde62b47f667c5391b318bc139-wrap avia-button-center  avia-builder-el-9  el_after_av_button  el_before_av_textblock '><a href='https:\/\/www.hsok.se\/' class='avia-button av-k4wkuw-3dedd4dde62b47f667c5391b318bc139 av-link-btn avia-icon_select-no avia-size-large avia-position-center avia-color-theme-color' target=\"_blank\" rel=\"noopener noreferrer\" aria-label=\"Helsingborgs SOK\"><span class='avia_iconbox_title' >Helsingborgs SOK<\/span><\/a><\/div><br \/>\n<section  class='av_textblock_section av-jtipiyct-9424e0e63f449aac317099d9b78a687e '   itemscope=\"itemscope\" itemtype=\"https:\/\/schema.org\/CreativeWork\" ><div class='avia_textblock'  itemprop=\"text\" ><p>F\u00f6reningsprojekt:<\/p>\n<\/div><\/section><\/p><\/div>\n<style type=\"text\/css\" data-created_by=\"avia_inline_auto\" id=\"style-css-av-dj9u6g-dee6e3923dc27d5b752864d8152a4d8f\">\n.flex_column.av-dj9u6g-dee6e3923dc27d5b752864d8152a4d8f{\nborder-radius:0px 0px 0px 0px;\npadding:0px 0px 0px 0px;\n}\n<\/style>\n<div  class='flex_column av-dj9u6g-dee6e3923dc27d5b752864d8152a4d8f av_one_half  avia-builder-el-11  el_after_av_one_half  avia-builder-el-last  flex_column_div av-zero-column-padding  column-top-margin'     ><p>\n<style type=\"text\/css\" data-created_by=\"avia_inline_auto\" id=\"style-css-av-71fo7-2ee76cdd26d66e4b80a02d7a4f70c9a8\">\n#top .av-special-heading.av-71fo7-2ee76cdd26d66e4b80a02d7a4f70c9a8{\npadding-bottom:10px;\n}\nbody .av-special-heading.av-71fo7-2ee76cdd26d66e4b80a02d7a4f70c9a8 .av-special-heading-tag .heading-char{\nfont-size:25px;\n}\n.av-special-heading.av-71fo7-2ee76cdd26d66e4b80a02d7a4f70c9a8 .av-subheading{\nfont-size:15px;\n}\n<\/style>\n<div  class='av-special-heading av-71fo7-2ee76cdd26d66e4b80a02d7a4f70c9a8 av-special-heading-h3  avia-builder-el-12  el_before_av_icon_box  avia-builder-el-first  av-linked-heading'><h3 class='av-special-heading-tag '  itemprop=\"headline\"  >Program 2021<\/h3><div class=\"special-heading-border\"><div class=\"special-heading-inner-border\"><\/div><\/div><\/div><br \/>\n\n<style type=\"text\/css\" data-created_by=\"avia_inline_auto\" id=\"style-css-av-big3go-0a16d6f857123f70c70f89088fb18518\">\n.iconbox.av-big3go-0a16d6f857123f70c70f89088fb18518 .iconbox_icon{\nborder:1px solid #316738;\ncolor:#316738;\n}\n<\/style>\n<article  class='iconbox iconbox_left_content av-big3go-0a16d6f857123f70c70f89088fb18518  avia-builder-el-13  el_after_av_heading  el_before_av_hr '  itemscope=\"itemscope\" itemtype=\"https:\/\/schema.org\/CreativeWork\" ><div class=\"iconbox_icon heading-color\" aria-hidden='true' data-av_icon='\ue800' data-av_iconfont='fontello'><\/div><div class=\"iconbox_content\"><header class=\"entry-content-header\"><h3 class='iconbox_content_title '  itemprop=\"headline\" >Del 1: 13:e FEBRUARI<\/h3><\/header><div class='iconbox_content_container '  itemprop=\"text\" ><p><a href=\"https:\/\/klubb.ungoteket.se\/orientering\/idrottsforeningen\/\">Idrottsf\u00f6reningen<\/a> och <a href=\"https:\/\/klubb.ungoteket.se\/orientering\/arrangera\/\">Arrangera<\/a><\/p>\n<p>Plats: Internet, p\u00e5 distans<\/p>\n<\/div><\/div><footer class=\"entry-footer\"><\/footer><\/article><br \/>\n<div  class='hr av-uskyg-c362abfa8d55beded1eec564ea470ad8 hr-default  avia-builder-el-14  el_after_av_icon_box  el_before_av_icon_box '><span class='hr-inner '><span class=\"hr-inner-style\"><\/span><\/span><\/div><br \/>\n\n<style type=\"text\/css\" data-created_by=\"avia_inline_auto\" id=\"style-css-av-7a8788-54e5d9164313314fcc11e10096738e0d\">\n.iconbox.av-7a8788-54e5d9164313314fcc11e10096738e0d .iconbox_icon{\nborder:1px solid #316738;\ncolor:#316738;\n}\n<\/style>\n<article  class='iconbox iconbox_left_content av-7a8788-54e5d9164313314fcc11e10096738e0d  avia-builder-el-15  el_after_av_hr  el_before_av_hr '  itemscope=\"itemscope\" itemtype=\"https:\/\/schema.org\/CreativeWork\" ><div class=\"iconbox_icon heading-color\" aria-hidden='true' data-av_icon='\ue800' data-av_iconfont='fontello'><\/div><div class=\"iconbox_content\"><header class=\"entry-content-header\"><h3 class='iconbox_content_title '  itemprop=\"headline\" >Del 2: 13-14 MARS<\/h3><\/header><div class='iconbox_content_container '  itemprop=\"text\" ><p><a href=\"https:\/\/klubb.ungoteket.se\/orientering\/ledarskap\/\">Ledarskap<\/a>,\u00a0<a href=\"https:\/\/klubb.ungoteket.se\/orientering\/arrangera\/\">Information och Kommunikation<\/a>\u00a0och <a href=\"https:\/\/klubb.ungoteket.se\/orientering\/orienterings-it\/\">Orienterings-IT<\/a><\/p>\n<p>Plats: planeras<\/p>\n<\/div><\/div><footer class=\"entry-footer\"><\/footer><\/article><br \/>\n<div  class='hr av-5v2mxk-3e1d5fd96bf15c47b115eafa01a966b3 hr-default  avia-builder-el-16  el_after_av_icon_box  el_before_av_icon_box '><span class='hr-inner '><span class=\"hr-inner-style\"><\/span><\/span><\/div><br \/>\n\n<style type=\"text\/css\" data-created_by=\"avia_inline_auto\" id=\"style-css-av-4pfslk-550bd07acd5ae6e2257c5682c511117b\">\n.iconbox.av-4pfslk-550bd07acd5ae6e2257c5682c511117b .iconbox_icon{\nborder:1px solid #316738;\ncolor:#316738;\n}\n<\/style>\n<article  class='iconbox iconbox_left_content av-4pfslk-550bd07acd5ae6e2257c5682c511117b  avia-builder-el-17  el_after_av_hr  el_before_av_hr '  itemscope=\"itemscope\" itemtype=\"https:\/\/schema.org\/CreativeWork\" ><div class=\"iconbox_icon heading-color\" aria-hidden='true' data-av_icon='\ue800' data-av_iconfont='fontello'><\/div><div class=\"iconbox_content\"><header class=\"entry-content-header\"><h3 class='iconbox_content_title '  itemprop=\"headline\" >Del 3: 27-28 MARS<\/h3><\/header><div class='iconbox_content_container '  itemprop=\"text\" ><p><a href=\"https:\/\/klubb.ungoteket.se\/orientering\/banlaggning\/\" target=\"_blank\" rel=\"noopener noreferrer\">Banl\u00e4ggning<\/a>\u00a0och <a href=\"https:\/\/klubb.ungoteket.se\/orientering\/kartritning\/\">Kartritning<\/a><\/p>\n<p>Plats: planeras<\/p>\n<\/div><\/div><footer class=\"entry-footer\"><\/footer><\/article><br \/>\n<div  class='hr av-21yq14-dd7189ce5cd37a3da3db2d86a1880bb2 hr-default  avia-builder-el-18  el_after_av_icon_box  avia-builder-el-last '><span class='hr-inner '><span class=\"hr-inner-style\"><\/span><\/span><\/div><\/p><\/div><\/p>\n","protected":false},"excerpt":{"rendered":"","protected":false},"author":10,"featured_media":0,"parent":0,"menu_order":0,"comment_status":"closed","ping_status":"closed","template":"","meta":{"footnotes":""},"_links":{"self":[{"href":"https:\/\/klubb.ungoteket.se\/orientering\/wp-json\/wp\/v2\/pages\/4555"}],"collection":[{"href":"https:\/\/klubb.ungoteket.se\/orientering\/wp-json\/wp\/v2\/pages"}],"about":[{"href":"https:\/\/klubb.ungoteket.se\/orientering\/wp-json\/wp\/v2\/types\/page"}],"author":[{"embeddable":true,"href":"https:\/\/klubb.ungoteket.se\/orientering\/wp-json\/wp\/v2\/users\/10"}],"replies":[{"embeddable":true,"href":"https:\/\/klubb.ungoteket.se\/orientering\/wp-json\/wp\/v2\/comments?post=4555"}],"version-history":[{"count":4,"href":"https:\/\/klubb.ungoteket.se\/orientering\/wp-json\/wp\/v2\/pages\/4555\/revisions"}],"predecessor-version":[{"id":5498,"href":"https:\/\/klubb.ungoteket.se\/orientering\/wp-json\/wp\/v2\/pages\/4555\/revisions\/5498"}],"wp:attachment":[{"href":"https:\/\/klubb.ungoteket.se\/orientering\/wp-json\/wp\/v2\/media?parent=4555"}],"curies":[{"name":"wp","href":"https:\/\/api.w.org\/{rel}","templated":true}]}}