{"id":3695,"date":"2019-08-07T10:58:26","date_gmt":"2019-08-07T08:58:26","guid":{"rendered":"https:\/\/klubb.ungoteket.se\/orientering\/?page_id=3695"},"modified":"2019-08-07T10:58:28","modified_gmt":"2019-08-07T08:58:28","slug":"ungoteket-stockholm-2018-2019","status":"publish","type":"page","link":"https:\/\/klubb.ungoteket.se\/orientering\/ungoteket-stockholm-2018-2019\/","title":{"rendered":"Ungoteket Stockholm 2018-2019"},"content":{"rendered":"\n<style type=\"text\/css\" data-created_by=\"avia_inline_auto\" id=\"style-css-av-15qwrm6-742adc7dc4cce54bca77149cd376f200\">\n.flex_column.av-15qwrm6-742adc7dc4cce54bca77149cd376f200{\nborder-radius:0px 0px 0px 0px;\npadding:0px 0px 0px 0px;\n}\n<\/style>\n<div  class='flex_column av-15qwrm6-742adc7dc4cce54bca77149cd376f200 av_one_full  avia-builder-el-0  el_before_av_one_half  avia-builder-el-first  first flex_column_div av-zero-column-padding  '     ><div  class='avia-slideshow av-14o3iou-982403bfab89494da8c482f743e9ca33 avia-slideshow-featured_large av_slideshow avia-slide-slider  avia-builder-el-1  avia-builder-el-no-sibling  av-slideshow-ui av-control-default av-slideshow-autoplay av-loop-endless av-loop-manual-endless av-default-height-applied avia-slideshow-1' data-slideshow-options=\"{&quot;animation&quot;:&quot;slide&quot;,&quot;autoplay&quot;:true,&quot;loop_autoplay&quot;:&quot;endless&quot;,&quot;interval&quot;:5,&quot;loop_manual&quot;:&quot;manual-endless&quot;,&quot;autoplay_stopper&quot;:false,&quot;noNavigation&quot;:false,&quot;bg_slider&quot;:false,&quot;keep_padding&quot;:false,&quot;hoverpause&quot;:false,&quot;show_slide_delay&quot;:0}\"  itemprop=\"image\" itemscope=\"itemscope\" itemtype=\"https:\/\/schema.org\/ImageObject\" ><ul class='avia-slideshow-inner ' style='padding-bottom: 42%;'><li  class='avia-slideshow-slide av-14o3iou-982403bfab89494da8c482f743e9ca33__0  av-single-slide slide-1 slide-odd'><div data-rel='slideshow-1' class='avia-slide-wrap '   ><img decoding=\"async\" fetchpriority=\"high\" class=\"wp-image-2535 avia-img-lazy-loading-not-2535\"  src=\"https:\/\/klubb.ungoteket.se\/orientering\/wp-content\/uploads\/sites\/4\/2018\/12\/IMG_3137-1-1500x630.jpg\" width=\"1500\" height=\"630\" title='' alt=''  itemprop=\"thumbnailUrl\"   \/><\/div><\/li><\/ul><div class='av-slideshow-caption av-14o3iou-982403bfab89494da8c482f743e9ca33__0 avia-caption'><div class=\"avia-inner-caption\"><h2 class='avia-caption-title '  itemprop=\"name\" >Ungoteket Stockholm 2018-2019<\/h2><\/div><\/div><\/div><\/div>\n\n<style type=\"text\/css\" data-created_by=\"avia_inline_auto\" id=\"style-css-av-11tbo8u-74710006d8dfd2ce0ba270c9241fab56\">\n.flex_column.av-11tbo8u-74710006d8dfd2ce0ba270c9241fab56{\nborder-radius:0px 0px 0px 0px;\npadding:0px 0px 0px 0px;\n}\n<\/style>\n<div  class='flex_column av-11tbo8u-74710006d8dfd2ce0ba270c9241fab56 av_one_half  avia-builder-el-2  el_after_av_one_full  el_before_av_one_half  first flex_column_div av-zero-column-padding  column-top-margin'     ><p>\n<style type=\"text\/css\" data-created_by=\"avia_inline_auto\" id=\"style-css-av-4rx672-d367a7561ec682a5535bd5ef263e3de3\">\n#top .av-special-heading.av-4rx672-d367a7561ec682a5535bd5ef263e3de3{\npadding-bottom:10px;\n}\nbody .av-special-heading.av-4rx672-d367a7561ec682a5535bd5ef263e3de3 .av-special-heading-tag .heading-char{\nfont-size:25px;\n}\n.av-special-heading.av-4rx672-d367a7561ec682a5535bd5ef263e3de3 .av-subheading{\nfont-size:15px;\n}\n<\/style>\n<div  class='av-special-heading av-4rx672-d367a7561ec682a5535bd5ef263e3de3 av-special-heading-h3  avia-builder-el-3  el_before_av_textblock  avia-builder-el-first '><h3 class='av-special-heading-tag '  itemprop=\"headline\"  >V\u00e4lkommen till Ungoteket Stockholm!<\/h3><div class=\"special-heading-border\"><div class=\"special-heading-inner-border\"><\/div><\/div><\/div><br \/>\n<section  class='av_textblock_section av-3gtzym-e6069cc8ba0d9a6d84cb5305b39eeb40 '   itemscope=\"itemscope\" itemtype=\"https:\/\/schema.org\/CreativeWork\" ><div class='avia_textblock'  itemprop=\"text\" ><p>Till Ungoteket Stockholm \u00e4r 43 ungdomar f\u00f6dda 2005 eller tidigare och sju mentorer anm\u00e4lda!<\/p>\n<p>P\u00e5 den h\u00e4r sidan hittar du information om n\u00e4r och var tr\u00e4ffarna \u00e4r samt vad som h\u00e4nder p\u00e5 varje tr\u00e4ff.<\/p>\n<p>Ut\u00f6ver tr\u00e4ffarna genomf\u00f6r ni ert f\u00f6reningsprojekt och d\u00e4refter tr\u00e4ffas ni f\u00f6r att utv\u00e4rdera och t\u00e4nka fram\u00e5t.<\/p>\n<p>Har du fr\u00e5gor? H\u00f6r av dig till <a href=\"mailto:per.forsberg@stockholmsidrotten.se\">Stockholms Orienteringsf\u00f6rbund<\/a>.<\/p>\n<\/div><\/section><br \/>\n\n<style type=\"text\/css\" data-created_by=\"avia_inline_auto\" id=\"style-css-av-2bl366-4d14d8fff20e39927c4489fa8269e5bd\">\n#top .av-special-heading.av-2bl366-4d14d8fff20e39927c4489fa8269e5bd{\npadding-bottom:10px;\n}\nbody .av-special-heading.av-2bl366-4d14d8fff20e39927c4489fa8269e5bd .av-special-heading-tag .heading-char{\nfont-size:25px;\n}\n.av-special-heading.av-2bl366-4d14d8fff20e39927c4489fa8269e5bd .av-subheading{\nfont-size:15px;\n}\n<\/style>\n<div  class='av-special-heading av-2bl366-4d14d8fff20e39927c4489fa8269e5bd av-special-heading-h3 blockquote modern-quote modern-centered  avia-builder-el-5  el_after_av_textblock  el_before_av_button '><h3 class='av-special-heading-tag '  itemprop=\"headline\"  >Anm\u00e4lda f\u00f6reningar<\/h3><div class=\"special-heading-border\"><div class=\"special-heading-inner-border\"><\/div><\/div><\/div><br \/>\n<div  class='avia-button-wrap av-tyicgu-a7cc382444b844eaa141e01bb4669c22-wrap avia-button-center  avia-builder-el-6  el_after_av_heading  el_before_av_textblock '><a href='https:\/\/idrottonline.se\/IFKEnskede-Orientering\/' class='avia-button av-tyicgu-a7cc382444b844eaa141e01bb4669c22 av-link-btn avia-icon_select-no avia-size-large avia-position-center avia-color-theme-color' target=\"_blank\" rel=\"noopener noreferrer\" aria-label=\"IFK Enskede\"><span class='avia_iconbox_title' >IFK Enskede<\/span><\/a><\/div><br \/>\n<section  class='av_textblock_section av-jutoqq2b-9d1e9d37b66da0401494adac0b754548 '   itemscope=\"itemscope\" itemtype=\"https:\/\/schema.org\/CreativeWork\" ><div class='avia_textblock'  itemprop=\"text\" ><p>F\u00f6reningsprojekt: KM med klubbtrivseldag, 18 maj<br \/>\n<a href=\"https:\/\/www.ifkenskede.se\/varverksamhet\/Veckokalender?calendarEventId=51746901\" target=\"_blank\" rel=\"noopener noreferrer\">L\u00e4s mer h\u00e4r<\/a><\/p>\n<\/div><\/section><br \/>\n<div  class='avia-button-wrap av-td710e-d3f0000600df923ba839268d92cf1f7a-wrap avia-button-center  avia-builder-el-8  el_after_av_textblock  el_before_av_textblock '><a href='http:\/\/www.ifklidingo.se\/' class='avia-button av-td710e-d3f0000600df923ba839268d92cf1f7a av-link-btn avia-icon_select-no avia-size-large avia-position-center avia-color-theme-color' target=\"_blank\" rel=\"noopener noreferrer\" aria-label=\"IFK Liding\u00f6 SOK\"><span class='avia_iconbox_title' >IFK Liding\u00f6 SOK<\/span><\/a><\/div><br \/>\n<section  class='av_textblock_section av-jutoqq2b-9d1e9d37b66da0401494adac0b754548 '   itemscope=\"itemscope\" itemtype=\"https:\/\/schema.org\/CreativeWork\" ><div class='avia_textblock'  itemprop=\"text\" ><p>F\u00f6reningsprojekt: Kretst\u00e4vling 2 i Ungdomsserien (Krets Norr 1), 14 maj<br \/>\n<a href=\"https:\/\/eventor.orientering.se\/Events\/Show\/25867\" target=\"_blank\" rel=\"noopener noreferrer\">Sida p\u00e5 Eventor<\/a><\/p>\n<\/div><\/section><br \/>\n<div  class='avia-button-wrap av-qnyxxa-db0776a0c69f3aa434ccc319d8381153-wrap avia-button-center  avia-builder-el-10  el_after_av_textblock  el_before_av_button '><a href='http:\/\/www.skarpnacksol.se\/' class='avia-button av-qnyxxa-db0776a0c69f3aa434ccc319d8381153 av-link-btn avia-icon_select-no avia-size-large avia-position-center avia-color-theme-color' target=\"_blank\" rel=\"noopener noreferrer\" aria-label=\"Skarpn\u00e4cks OL\"><span class='avia_iconbox_title' >Skarpn\u00e4cks OL<\/span><\/a><\/div><br \/>\n<div  class='avia-button-wrap av-p2vwfy-93711a7ab9a6ec369a9d70dedf0ff998-wrap avia-button-center  avia-builder-el-11  el_after_av_button  el_before_av_button '><a href='http:\/\/snattringesk.se\/' class='avia-button av-p2vwfy-93711a7ab9a6ec369a9d70dedf0ff998 av-link-btn avia-icon_select-no avia-size-large avia-position-center avia-color-theme-color' target=\"_blank\" rel=\"noopener noreferrer\" aria-label=\"Sn\u00e4ttringe SK\"><span class='avia_iconbox_title' >Sn\u00e4ttringe SK<\/span><\/a><\/div><br \/>\n<div  class='avia-button-wrap av-nvzmb2-4cbd5c0659ebb5adeb8e0777af1eb784-wrap avia-button-center  avia-builder-el-12  el_after_av_button  el_before_av_button '><a href='https:\/\/www.tullingesk.se\/index.asp?z=2661' class='avia-button av-nvzmb2-4cbd5c0659ebb5adeb8e0777af1eb784 av-link-btn avia-icon_select-no avia-size-large avia-position-center avia-color-theme-color' target=\"_blank\" rel=\"noopener noreferrer\" aria-label=\"Tullinge SK\"><span class='avia_iconbox_title' >Tullinge SK<\/span><\/a><\/div><br \/>\n<div  class='avia-button-wrap av-msb2u6-e5cc04ec796802711f7b32a241844eaf-wrap avia-button-center  avia-builder-el-13  el_after_av_button  el_before_av_textblock '><a href='https:\/\/www.tabyok.se\/' class='avia-button av-msb2u6-e5cc04ec796802711f7b32a241844eaf av-link-btn avia-icon_select-no avia-size-large avia-position-center avia-color-theme-color' target=\"_blank\" rel=\"noopener noreferrer\" aria-label=\"T\u00e4by OK\"><span class='avia_iconbox_title' >T\u00e4by OK<\/span><\/a><\/div><br \/>\n<section  class='av_textblock_section av-jutoqq2b-9d1e9d37b66da0401494adac0b754548 '   itemscope=\"itemscope\" itemtype=\"https:\/\/schema.org\/CreativeWork\" ><div class='avia_textblock'  itemprop=\"text\" ><p>F\u00f6reningsprojekt: Kretst\u00e4vling 2 i Ungdomsserien (Krets Norr 3), 14 maj<br \/>\n<a href=\"https:\/\/eventor.orientering.se\/Events\/Show\/25824\" target=\"_blank\" rel=\"noopener noreferrer\">Sida p\u00e5 Eventor<\/a><\/p>\n<\/div><\/section><br \/>\n<div  class='avia-button-wrap av-krp1we-419067cf5a1bd1840ca611ed06bac1d3-wrap avia-button-center  avia-builder-el-15  el_after_av_textblock  el_before_av_textblock '><a href='http:\/\/www.waxholmsok.se\/' class='avia-button av-krp1we-419067cf5a1bd1840ca611ed06bac1d3 av-link-btn avia-icon_select-no avia-size-large avia-position-center avia-color-theme-color' target=\"_blank\" rel=\"noopener noreferrer\" aria-label=\"Waxholms OK\"><span class='avia_iconbox_title' >Waxholms OK<\/span><\/a><\/div><br \/>\n<section  class='av_textblock_section av-jutoqq2b-9d1e9d37b66da0401494adac0b754548 '   itemscope=\"itemscope\" itemtype=\"https:\/\/schema.org\/CreativeWork\" ><div class='avia_textblock'  itemprop=\"text\" ><p>F\u00f6reningsprojekt: Klubbl\u00e4ger i Nyk\u00f6ping, 23-24 mars<br \/>\n<a href=\"http:\/\/www.waxholmsok.se\/Nyheter\/pagangiwok\/traningslagernykoping23-24mars\/\" target=\"_blank\" rel=\"noopener noreferrer\">L\u00e4s mer h\u00e4r<\/a><\/p>\n<\/div><\/section><\/p><\/div>\n<style type=\"text\/css\" data-created_by=\"avia_inline_auto\" id=\"style-css-av-jd1a1a-b7fe569e3cfe834c853ddad9a45f83d0\">\n.flex_column.av-jd1a1a-b7fe569e3cfe834c853ddad9a45f83d0{\nborder-radius:0px 0px 0px 0px;\npadding:0px 0px 0px 0px;\n}\n<\/style>\n<div  class='flex_column av-jd1a1a-b7fe569e3cfe834c853ddad9a45f83d0 av_one_half  avia-builder-el-17  el_after_av_one_half  avia-builder-el-last  flex_column_div av-zero-column-padding  column-top-margin'     ><p>\n<style type=\"text\/css\" data-created_by=\"avia_inline_auto\" id=\"style-css-av-31q8ce-08f71a98de19a6477a69318e42b0eb19\">\n#top .av-special-heading.av-31q8ce-08f71a98de19a6477a69318e42b0eb19{\npadding-bottom:10px;\n}\nbody .av-special-heading.av-31q8ce-08f71a98de19a6477a69318e42b0eb19 .av-special-heading-tag .heading-char{\nfont-size:25px;\n}\n.av-special-heading.av-31q8ce-08f71a98de19a6477a69318e42b0eb19 .av-subheading{\nfont-size:15px;\n}\n<\/style>\n<div  class='av-special-heading av-31q8ce-08f71a98de19a6477a69318e42b0eb19 av-special-heading-h3  avia-builder-el-18  el_before_av_icon_box  avia-builder-el-first '><h3 class='av-special-heading-tag '  itemprop=\"headline\"  >Program 2018-2019<\/h3><div class=\"special-heading-border\"><div class=\"special-heading-inner-border\"><\/div><\/div><\/div><br \/>\n\n<style type=\"text\/css\" data-created_by=\"avia_inline_auto\" id=\"style-css-av-f5yypq-11a9370f1e92ca7356618cab7a611e68\">\n.iconbox.av-f5yypq-11a9370f1e92ca7356618cab7a611e68 .iconbox_icon{\nborder:1px solid #316738;\ncolor:#316738;\n}\n<\/style>\n<article  class='iconbox iconbox_left_content av-f5yypq-11a9370f1e92ca7356618cab7a611e68  avia-builder-el-19  el_after_av_heading  el_before_av_hr '  itemscope=\"itemscope\" itemtype=\"https:\/\/schema.org\/CreativeWork\" ><div class=\"iconbox_icon heading-color\" aria-hidden='true' data-av_icon='\ue800' data-av_iconfont='fontello'><\/div><div class=\"iconbox_content\"><header class=\"entry-content-header\"><h3 class='iconbox_content_title '  itemprop=\"headline\" >Del 1: 1-2 december<\/h3><\/header><div class='iconbox_content_container '  itemprop=\"text\" ><p><a href=\"https:\/\/klubb.ungoteket.se\/orientering\/arrangera\/\">Arrangera,<\/a>\u00a0<a href=\"https:\/\/klubb.ungoteket.se\/orientering\/orienterings-it\/\">Orienterings-IT,<\/a> <a href=\"https:\/\/klubb.ungoteket.se\/orientering\/idrottsforeningen\/\">Idrottsf\u00f6reningen<\/a> och <a href=\"https:\/\/klubb.ungoteket.se\/orientering\/information-kommunikation\/\">Information &#038; kommunikation<\/a><\/p>\n<p>Plats: Lillsveds Folkh\u00f6gskola, V\u00e4rmd\u00f6<\/p>\n<\/div><\/div><footer class=\"entry-footer\"><\/footer><\/article><br \/>\n<div  class='hr av-ekt05q-420183d4aa6c23426ea73c6705f9bd5f hr-default  avia-builder-el-20  el_after_av_icon_box  el_before_av_icon_box '><span class='hr-inner '><span class=\"hr-inner-style\"><\/span><\/span><\/div><br \/>\n\n<style type=\"text\/css\" data-created_by=\"avia_inline_auto\" id=\"style-css-av-coqaum-4fa97ef897ecf399d4d9a85d246114ae\">\n.iconbox.av-coqaum-4fa97ef897ecf399d4d9a85d246114ae .iconbox_icon{\nborder:1px solid #316738;\ncolor:#316738;\n}\n<\/style>\n<article  class='iconbox iconbox_left_content av-coqaum-4fa97ef897ecf399d4d9a85d246114ae  avia-builder-el-21  el_after_av_hr  el_before_av_hr '  itemscope=\"itemscope\" itemtype=\"https:\/\/schema.org\/CreativeWork\" ><div class=\"iconbox_icon heading-color\" aria-hidden='true' data-av_icon='\ue800' data-av_iconfont='fontello'><\/div><div class=\"iconbox_content\"><header class=\"entry-content-header\"><h3 class='iconbox_content_title '  itemprop=\"headline\" >Del 2: 14 januari<\/h3><\/header><div class='iconbox_content_container '  itemprop=\"text\" ><p><a href=\"https:\/\/klubb.ungoteket.se\/orientering\/ledarskap\/\">Ledarskap<\/a><\/p>\n<p>Plats: Stockholms OF:s kansli, Vretenv\u00e4gen 4, Solna strand<\/p>\n<\/div><\/div><footer class=\"entry-footer\"><\/footer><\/article><br \/>\n<div  class='hr av-a8fpu6-3dc39b088d081e72dafcf55840c583fb hr-default  avia-builder-el-22  el_after_av_icon_box  el_before_av_icon_box '><span class='hr-inner '><span class=\"hr-inner-style\"><\/span><\/span><\/div><br \/>\n\n<style type=\"text\/css\" data-created_by=\"avia_inline_auto\" id=\"style-css-av-9f09em-f664e3febd877266113c49ee822556db\">\n.iconbox.av-9f09em-f664e3febd877266113c49ee822556db .iconbox_icon{\nborder:1px solid #316738;\ncolor:#316738;\n}\n<\/style>\n<article  class='iconbox iconbox_left_content av-9f09em-f664e3febd877266113c49ee822556db  avia-builder-el-23  el_after_av_hr  el_before_av_hr '  itemscope=\"itemscope\" itemtype=\"https:\/\/schema.org\/CreativeWork\" ><div class=\"iconbox_icon heading-color\" aria-hidden='true' data-av_icon='\ue800' data-av_iconfont='fontello'><\/div><div class=\"iconbox_content\"><header class=\"entry-content-header\"><h3 class='iconbox_content_title '  itemprop=\"headline\" >Del 3: 28 januari<\/h3><\/header><div class='iconbox_content_container '  itemprop=\"text\" ><p><a href=\"https:\/\/klubb.ungoteket.se\/orientering\/banlaggning\/\">Banl\u00e4ggning<\/a><\/p>\n<p>Plats: Sn\u00e4ttringe SK:s klubbstuga, K\u00e4llbrink<\/p>\n<p><a href=\"https:\/\/klubb.ungoteket.se\/orientering\/wp-content\/uploads\/sites\/4\/2019\/01\/Inbjudan-till-Ungoteket-tr\u00e4ff-3.pdf\" target=\"_blank\" rel=\"noopener noreferrer\">Inbjudan<\/a><\/p>\n<\/div><\/div><footer class=\"entry-footer\"><\/footer><\/article><br \/>\n<div  class='hr av-71d21a-2ba28c14389d0e70cab0aa367d667229 hr-default  avia-builder-el-24  el_after_av_icon_box  el_before_av_icon_box '><span class='hr-inner '><span class=\"hr-inner-style\"><\/span><\/span><\/div><br \/>\n\n<style type=\"text\/css\" data-created_by=\"avia_inline_auto\" id=\"style-css-av-5retke-23e626adc3985962cf052a335820216e\">\n.iconbox.av-5retke-23e626adc3985962cf052a335820216e .iconbox_icon{\nborder:1px solid #316738;\ncolor:#316738;\n}\n<\/style>\n<article  class='iconbox iconbox_left_content av-5retke-23e626adc3985962cf052a335820216e  avia-builder-el-25  el_after_av_hr  el_before_av_hr '  itemscope=\"itemscope\" itemtype=\"https:\/\/schema.org\/CreativeWork\" ><div class=\"iconbox_icon heading-color\" aria-hidden='true' data-av_icon='\ue800' data-av_iconfont='fontello'><\/div><div class=\"iconbox_content\"><header class=\"entry-content-header\"><h3 class='iconbox_content_title '  itemprop=\"headline\" >Del 4: 18 februari<\/h3><\/header><div class='iconbox_content_container '  itemprop=\"text\" ><p><a href=\"https:\/\/klubb.ungoteket.se\/orientering\/kartritning\/\">Kartritning<\/a><\/p>\n<\/div><\/div><footer class=\"entry-footer\"><\/footer><\/article><br \/>\n<div  class='hr av-4gdshq-e376928cc663c6fba904fe543e95ca75 hr-default  avia-builder-el-26  el_after_av_icon_box  avia-builder-el-last '><span class='hr-inner '><span class=\"hr-inner-style\"><\/span><\/span><\/div><\/p><\/div><\/p>\n","protected":false},"excerpt":{"rendered":"","protected":false},"author":1,"featured_media":0,"parent":0,"menu_order":0,"comment_status":"closed","ping_status":"closed","template":"","meta":{"footnotes":""},"_links":{"self":[{"href":"https:\/\/klubb.ungoteket.se\/orientering\/wp-json\/wp\/v2\/pages\/3695"}],"collection":[{"href":"https:\/\/klubb.ungoteket.se\/orientering\/wp-json\/wp\/v2\/pages"}],"about":[{"href":"https:\/\/klubb.ungoteket.se\/orientering\/wp-json\/wp\/v2\/types\/page"}],"author":[{"embeddable":true,"href":"https:\/\/klubb.ungoteket.se\/orientering\/wp-json\/wp\/v2\/users\/1"}],"replies":[{"embeddable":true,"href":"https:\/\/klubb.ungoteket.se\/orientering\/wp-json\/wp\/v2\/comments?post=3695"}],"version-history":[{"count":1,"href":"https:\/\/klubb.ungoteket.se\/orientering\/wp-json\/wp\/v2\/pages\/3695\/revisions"}],"predecessor-version":[{"id":4382,"href":"https:\/\/klubb.ungoteket.se\/orientering\/wp-json\/wp\/v2\/pages\/3695\/revisions\/4382"}],"wp:attachment":[{"href":"https:\/\/klubb.ungoteket.se\/orientering\/wp-json\/wp\/v2\/media?parent=3695"}],"curies":[{"name":"wp","href":"https:\/\/api.w.org\/{rel}","templated":true}]}}