{"id":122,"date":"2017-05-02T11:42:24","date_gmt":"2017-05-02T09:42:24","guid":{"rendered":"https:\/\/klubb.ungoteket.se\/orientering\/?page_id=122"},"modified":"2022-12-27T11:33:50","modified_gmt":"2022-12-27T10:33:50","slug":"foreningsprojekt","status":"publish","type":"page","link":"https:\/\/klubb.ungoteket.se\/orientering\/foreningsprojekt\/","title":{"rendered":"F\u00f6reningsprojekt"},"content":{"rendered":"<div  class='avia-video av-lb7m46wk-a1f3b80a15b3f1a49572559f90b70db2 avia-video-16-9 av-no-preview-image avia-video-load-always av-lazyload-immediate av-lazyload-video-embed'  itemprop=\"video\" itemtype=\"https:\/\/schema.org\/VideoObject\"  data-original_url='https:\/\/youtu.be\/LtdX-f2fW8w'><script type='text\/html' class='av-video-tmpl'><div class='avia-iframe-wrap'><iframe loading=\"lazy\" title=\"Ungoteket   Film 2019 FINAL\" width=\"1500\" height=\"844\" src=\"https:\/\/www.youtube.com\/embed\/LtdX-f2fW8w?feature=oembed&autoplay=0&loop=0&controls=1&mute=0\" frameborder=\"0\" allow=\"accelerometer; autoplay; clipboard-write; encrypted-media; gyroscope; picture-in-picture\" allowfullscreen><\/iframe><\/div><\/script><div class='av-click-to-play-overlay'><div class=\"avia_playpause_icon\"><\/div><\/div><\/div>\n\n<style type=\"text\/css\" data-created_by=\"avia_inline_auto\" id=\"style-css-av-2jths2-e758460c58a9d24fbe0ab03a8ed3a1a0\">\n.flex_column.av-2jths2-e758460c58a9d24fbe0ab03a8ed3a1a0{\nborder-radius:0px 0px 0px 0px;\npadding:0px 0px 0px 0px;\n}\n<\/style>\n<div  class='flex_column av-2jths2-e758460c58a9d24fbe0ab03a8ed3a1a0 av_one_half  avia-builder-el-1  el_after_av_video  el_before_av_one_half  first flex_column_div av-zero-column-padding  '     ><p>\n<style type=\"text\/css\" data-created_by=\"avia_inline_auto\" id=\"style-css-av-ahty2-d8f8b826ffecd8c2b0b1f8fd97e00c41\">\n#top .av-special-heading.av-ahty2-d8f8b826ffecd8c2b0b1f8fd97e00c41{\npadding-bottom:10px;\n}\nbody .av-special-heading.av-ahty2-d8f8b826ffecd8c2b0b1f8fd97e00c41 .av-special-heading-tag .heading-char{\nfont-size:25px;\n}\n.av-special-heading.av-ahty2-d8f8b826ffecd8c2b0b1f8fd97e00c41 .av-subheading{\nfont-size:15px;\n}\n<\/style>\n<div  class='av-special-heading av-ahty2-d8f8b826ffecd8c2b0b1f8fd97e00c41 av-special-heading-h3  avia-builder-el-2  el_before_av_textblock  avia-builder-el-first '><h3 class='av-special-heading-tag '  itemprop=\"headline\"  >Vad \u00e4r din id\u00e9?<\/h3><div class=\"special-heading-border\"><div class=\"special-heading-inner-border\"><\/div><\/div><\/div><br \/>\n<section  class='av_textblock_section av-2912r6-9a54c4eba660d5a066d401ed4fd8c0de '   itemscope=\"itemscope\" itemtype=\"https:\/\/schema.org\/CreativeWork\" ><div class='avia_textblock'  itemprop=\"text\" ><p>Att genomf\u00f6ra Ungoteket inneb\u00e4r att f\u00e5 med sig en massa ny kunskap och v\u00e4rdefulla erfarenheter f\u00f6r framtiden. Och Ungoteket har kanske inte bara betydelse f\u00f6r ditt fortsatta orienterande och engagemang i f\u00f6reningen, utan ocks\u00e5 f\u00f6r andra utmaningar du kommer ta dig an i framtiden. Som n\u00e4r du ska s\u00f6ka jobb till exempel, eller n\u00e4r ni ska samarbeta med projekt i skolan, eller varf\u00f6r inte n\u00e4r du vill vara med och arrangera O-ringen?<\/p>\n<p>St\u00f6rst betydelse f\u00f6r hur mycket du kommer l\u00e4ra dig och hur rolig Ungotekettiden upplevs, st\u00e5r nog f\u00f6reningsprojektet f\u00f6r. Det \u00e4r d\u00e5 du och dina klubbkompisar f\u00e5r samarbeta, vara delaktiga och k\u00e4nna att ni klarar av en stor, och rolig, utmaning. Ni ska n\u00e4mligen best\u00e4mma er f\u00f6r ett f\u00f6reningsprojekt som ni vill genomf\u00f6ra!<\/p>\n<p>Det \u00e4r ett absolut m\u00e5ste, att ni som \u00e4r med i Ungoteket best\u00e4mmer sj\u00e4lva vilket projekt ni vill genomf\u00f6ra. Sedan finns <a href=\"https:\/\/klubb.ungoteket.se\/orientering\/att-vara-mentor\/\" target=\"_blank\" rel=\"noopener\">er mentor<\/a> och Ungoteket med och st\u00f6ttar er hela v\u00e4gen.<\/p>\n<\/div><\/section><\/p><\/div>\n\n<style type=\"text\/css\" data-created_by=\"avia_inline_auto\" id=\"style-css-av-20pb36-b1fa381c3c4d032bdff3056ff52e3259\">\n.flex_column.av-20pb36-b1fa381c3c4d032bdff3056ff52e3259{\nborder-radius:0px 0px 0px 0px;\npadding:0px 0px 0px 0px;\n}\n<\/style>\n<div  class='flex_column av-20pb36-b1fa381c3c4d032bdff3056ff52e3259 av_one_half  avia-builder-el-4  el_after_av_one_half  avia-builder-el-last  flex_column_div av-zero-column-padding  '     ><p>\n<style type=\"text\/css\" data-created_by=\"avia_inline_auto\" id=\"style-css-av-aio1e-5da0797b4e70d806d3aacda0056be662\">\n#top .av-special-heading.av-aio1e-5da0797b4e70d806d3aacda0056be662{\npadding-bottom:10px;\n}\nbody .av-special-heading.av-aio1e-5da0797b4e70d806d3aacda0056be662 .av-special-heading-tag .heading-char{\nfont-size:25px;\n}\n.av-special-heading.av-aio1e-5da0797b4e70d806d3aacda0056be662 .av-subheading{\nfont-size:15px;\n}\n<\/style>\n<div  class='av-special-heading av-aio1e-5da0797b4e70d806d3aacda0056be662 av-special-heading-h3  avia-builder-el-5  el_before_av_textblock  avia-builder-el-first '><h3 class='av-special-heading-tag '  itemprop=\"headline\"  >Material<\/h3><div class=\"special-heading-border\"><div class=\"special-heading-inner-border\"><\/div><\/div><\/div><br \/>\n<section  class='av_textblock_section av-lapbge2y-4d6fc83451dd9ffffa0ea8da96a21f5a '   itemscope=\"itemscope\" itemtype=\"https:\/\/schema.org\/CreativeWork\" ><div class='avia_textblock'  itemprop=\"text\" ><p>H\u00e4r nedan hittar du som deltagare i Ungoteket m\u00e5nga nyttiga tips och trix inf\u00f6r, under och arbetet med ert f\u00f6reningsprojekt. Det finns allt fr\u00e5n tips p\u00e5 f\u00f6reningsprojekt att g\u00f6ra till mallar att anv\u00e4nda f\u00f6r att underl\u00e4tta ert planerande och arbete. Beroende p\u00e5 vilket projekt ni genomf\u00f6r finns \u00e4ven tips och r\u00e5d under Inneh\u00e5ll. S\u00e4rskilt avsnittet <a href=\"https:\/\/klubb.ungoteket.se\/orientering\/arrangera\/\" target=\"_blank\" rel=\"noopener\">Arrangera<\/a> ger er en bra skjuts!<\/p>\n<\/div><\/section><br \/>\n<section  class='av_textblock_section av-lapbge2y-4d6fc83451dd9ffffa0ea8da96a21f5a '   itemscope=\"itemscope\" itemtype=\"https:\/\/schema.org\/CreativeWork\" ><div class='avia_textblock'  itemprop=\"text\" ><p><a href=\"https:\/\/klubb.ungoteket.se\/orientering\/arrangera\/\">Arrangera<\/a><br \/>\nAllt som beh\u00f6vs f\u00f6r ett arrangemang<\/p>\n<p><a href=\"https:\/\/docs.google.com\/presentation\/d\/19kP2Lx18R3qAYvkto92IEn_LAkfR_wyW\/edit?usp=share_link&#038;ouid=103559110516890225801&#038;rtpof=true&#038;sd=true\">Brainstorming<\/a><br \/>\nS\u00e5 kommer vi ig\u00e5ng<\/p>\n<p><a href=\"https:\/\/klubb.ungoteket.se\/orientering\/finansiering\/\">Finansiering<\/a><br \/>\nTips p\u00e5 att s\u00f6ka pengar till ert arrangemang<\/p>\n<p><a href=\"https:\/\/klubb.ungoteket.se\/orientering\/forslag-pa-foreningsprojekt\/\">F\u00f6rslag p\u00e5 f\u00f6reningsprojekt<\/a><br \/>\nV\u00e4lj n\u00e5got i listan eller kom p\u00e5 ett eget<\/p>\n<p><a href=\"https:\/\/docs.google.com\/presentation\/d\/1J6fTOacTlL55wKRlxClfNkB0NRx07-bs\/edit?usp=share_link&#038;ouid=103559110516890225801&#038;rtpof=true&#038;sd=true\">Guide Google drive<\/a><br \/>\nS\u00e5 h\u00e4r kan ni arbeta tillsammans i ert projekt<\/p>\n<p><a href=\"https:\/\/docs.google.com\/presentation\/d\/1PbCggI5Vz4WwSZeJbOQrNLgCUYkjQPUM\/edit?usp=share_link&#038;ouid=103559110516890225801&#038;rtpof=true&#038;sd=true\">Marknadsf\u00f6ring<\/a><br \/>\nG\u00f6r reklam f\u00f6r ert projekt<\/p>\n<p><a href=\"https:\/\/docs.google.com\/presentation\/d\/1sy6IwWFBUICcllmwjo0H9GDjPek4mK1u\/edit?usp=sharing&#038;ouid=103559110516890225801&#038;rtpof=true&#038;sd=true\">M\u00f6tesagenda<\/a><br \/>\nVad g\u00f6r vi p\u00e5 v\u00e5ra projektm\u00f6ten?<\/p>\n<p><a href=\"https:\/\/docs.google.com\/presentation\/d\/1C1x52X7OOGdEPOt8stKOMsZvhRjYdnYn\/edit?usp=share_link&#038;ouid=103559110516890225801&#038;rtpof=true&#038;sd=true\">Projektplanering &#8211; Kom ig\u00e5ng<\/a><br \/>\nDe f\u00f6rsta stegen efter att vi best\u00e4mt v\u00e5rt projekt<\/p>\n<p><a href=\"https:\/\/docs.google.com\/spreadsheets\/d\/11R6Wdj7L0GX-PwrMTh1WXbYFeqd8RDck\/edit?usp=share_link&#038;ouid=103559110516890225801&#038;rtpof=true&#038;sd=true\">Projektplanering &#8211; Dokumentet<\/a><br \/>\nVad vi beh\u00f6ver g\u00f6ra och n\u00e4r<\/p>\n<\/div><\/section><\/p><\/div>\n","protected":false},"excerpt":{"rendered":"","protected":false},"author":1,"featured_media":0,"parent":0,"menu_order":0,"comment_status":"closed","ping_status":"closed","template":"","meta":{"footnotes":""},"_links":{"self":[{"href":"https:\/\/klubb.ungoteket.se\/orientering\/wp-json\/wp\/v2\/pages\/122"}],"collection":[{"href":"https:\/\/klubb.ungoteket.se\/orientering\/wp-json\/wp\/v2\/pages"}],"about":[{"href":"https:\/\/klubb.ungoteket.se\/orientering\/wp-json\/wp\/v2\/types\/page"}],"author":[{"embeddable":true,"href":"https:\/\/klubb.ungoteket.se\/orientering\/wp-json\/wp\/v2\/users\/1"}],"replies":[{"embeddable":true,"href":"https:\/\/klubb.ungoteket.se\/orientering\/wp-json\/wp\/v2\/comments?post=122"}],"version-history":[{"count":17,"href":"https:\/\/klubb.ungoteket.se\/orientering\/wp-json\/wp\/v2\/pages\/122\/revisions"}],"predecessor-version":[{"id":5543,"href":"https:\/\/klubb.ungoteket.se\/orientering\/wp-json\/wp\/v2\/pages\/122\/revisions\/5543"}],"wp:attachment":[{"href":"https:\/\/klubb.ungoteket.se\/orientering\/wp-json\/wp\/v2\/media?parent=122"}],"curies":[{"name":"wp","href":"https:\/\/api.w.org\/{rel}","templated":true}]}}